{"id":6,"date":"2025-10-08T11:23:40","date_gmt":"2025-10-08T09:23:40","guid":{"rendered":"https:\/\/ed-line.com\/?page_id=6"},"modified":"2025-10-08T11:23:40","modified_gmt":"2025-10-08T09:23:40","slug":"el-romano-stefano","status":"publish","type":"page","link":"https:\/\/ed-line.com\/index.php\/el-romano-stefano\/","title":{"rendered":"El Romano &amp; Stefano"},"content":{"rendered":"\n<div class=\"wp-block-group alignfull has-accent-2-background-color has-background has-global-padding is-layout-constrained wp-container-core-group-is-layout-669513ed wp-block-group-is-layout-constrained\" style=\"margin-top:0;margin-bottom:0;padding-top:var(--wp--preset--spacing--50);padding-right:var(--wp--preset--spacing--50);padding-bottom:var(--wp--preset--spacing--50);padding-left:var(--wp--preset--spacing--50)\">\n<figure class=\"wp-block-image alignwide size-large\"><img decoding=\"async\" src=\"https:\/\/elromano.fr\/wp-content\/uploads\/2019\/02\/banner_02-1.jpg\" alt=\"\"\/><\/figure>\n\n\n\n<div class=\"wp-block-columns alignwide is-layout-flex wp-container-core-columns-is-layout-28f84493 wp-block-columns-is-layout-flex\">\n<div class=\"wp-block-column is-layout-flow wp-block-column-is-layout-flow\" style=\"flex-basis:40%\">\n<p class=\"wp-container-content-0733e5d0\">Galerie d\u2019art \u2014 Aper\u00e7u<\/p>\n<\/div>\n\n\n\n<div class=\"wp-block-column is-layout-flow wp-block-column-is-layout-flow\" style=\"flex-basis:60%\">\n<p class=\"has-heading-font-family has-large-font-size\" style=\"line-height:1.2\">Auteur-compositeur, Pascal Sadori est n\u00e9 en 1969 dans l\u2019univers sonore lancinant des cigales de Provence. Son d\u00e9sir de chanter et de jouer de la guitare \u00e0 grandi avec lui. Battant dans son sang plus fort chaque jour, \u00e0 un rythme endiabl\u00e9. Ses textes nous emportent dans son monde o\u00f9 son St\u00e9phane Pontarollo ajoute sa guitare avec talent. Ils travailleront et enregistreront ensemble de nouvelles chansons dans son studio \u00e0 Carcassonne.<\/p>\n\n\n\n<p class=\"has-heading-font-family has-large-font-size\" style=\"line-height:1.2\">Apr\u00e8s des \u00e9tudes musicales et l&#8217;obtention d&#8217;une licence de musique \u00e0 la Sorbonne, St\u00e9phane Pontarollo int\u00e8gre diverses formations orchestrales que cela soit \u00e0 la guitare, \u00e0 la basse ou \u00e0 la trompette.<\/p>\n\n\n\n<p class=\"has-heading-font-family has-large-font-size\" style=\"line-height:1.2\">Aujourd&#8217;hui, la musique assist\u00e9e par ordinateur lui permet de concevoir et de composer des musiques originales avec notamment des musiciens am\u00e9ricains par le biais de la musique collaborative en ligne.<\/p>\n\n\n\n<p class=\"has-heading-font-family has-large-font-size\" style=\"line-height:1.2\">L\u2019amour bien s\u00fbr, est le th\u00e8me central des cr\u00e9ations de Pascal Sadori et de St\u00e9phane Pontarollo. Le texte \u00e9crit par Pascal \u00ab J\u2019aime la vie \u00bb, parlant des SDF, a d\u2019ailleurs \u00e9t\u00e9 prim\u00e9. Suivez-les dans leur univers po\u00e9tique !<\/p>\n<\/div>\n<\/div>\n\n\n\n<div style=\"height:var(--wp--preset--spacing--40)\" aria-hidden=\"true\" class=\"wp-block-spacer\"><\/div>\n\n\n\n<figure class=\"wp-block-embed is-type-video is-provider-youtube wp-block-embed-youtube wp-embed-aspect-16-9 wp-has-aspect-ratio\"><div class=\"wp-block-embed__wrapper\">\n<iframe loading=\"lazy\" title=\"El Romano - J&#039;aime la vie\" width=\"500\" height=\"281\" src=\"https:\/\/www.youtube.com\/embed\/w2i57HbiZD8?feature=oembed\" frameborder=\"0\" allow=\"accelerometer; autoplay; clipboard-write; encrypted-media; gyroscope; picture-in-picture; web-share\" referrerpolicy=\"strict-origin-when-cross-origin\" allowfullscreen><\/iframe>\n<\/div><\/figure>\n\n\n\n<div style=\"height:50px\" aria-hidden=\"true\" class=\"wp-block-spacer\"><\/div>\n<\/div>\n\n\n\n<div class=\"wp-block-group alignfull has-base-background-color has-background has-global-padding is-layout-constrained wp-container-core-group-is-layout-d89aad35 wp-block-group-is-layout-constrained\" style=\"margin-top:0;margin-bottom:0;padding-top:var(--wp--preset--spacing--50);padding-right:var(--wp--preset--spacing--50);padding-bottom:var(--wp--preset--spacing--50);padding-left:var(--wp--preset--spacing--50)\">\n<div class=\"wp-block-columns alignwide is-layout-flex wp-container-core-columns-is-layout-549b0c86 wp-block-columns-is-layout-flex\">\n<div class=\"wp-block-column has-global-padding is-content-justification-left is-layout-constrained wp-container-core-column-is-layout-4f15e8fe wp-block-column-is-layout-constrained\" style=\"flex-basis:40%\">\n<p>La galerie d\u2018art revitalis\u00e9e est appel\u00e9e \u00e0 red\u00e9finir le paysage culturel.<\/p>\n<\/div>\n\n\n\n<div class=\"wp-block-column is-layout-flow wp-container-core-column-is-layout-119bc444 wp-block-column-is-layout-flow\" style=\"flex-basis:60%\">\n<p class=\"has-heading-font-family has-x-large-font-size\" style=\"line-height:1.2\">Avec une attention m\u00e9ticuleuse aux d\u00e9tails et un engagement envers l\u2019excellence, nous cr\u00e9ons des espaces qui inspirent, \u00e9l\u00e8vent et enrichissent la vie de ceux qui les habitent.<\/p>\n\n\n\n<div class=\"wp-block-columns is-layout-flex wp-container-core-columns-is-layout-87beb0d0 wp-block-columns-is-layout-flex\">\n<div class=\"wp-block-column is-layout-flow wp-block-column-is-layout-flow\">\n<p class=\"wp-container-content-9cfa9a5a\">La Galerie d\u2019Art revitalis\u00e9e est sur le point de d\u00e9finir le paysage culturel de Toronto, servant de lien entre l\u2019expression artistique, l\u2019engagement communautaire et la merveille architecturale. Le projet d\u2019agrandissement et de r\u00e9novation rend hommage \u00e0 la riche histoire de la Galerie d\u2019Art tout en s\u2019ouvrant sur l\u2019avenir, garantissant que la galerie reste une source d\u2019inspiration.<\/p>\n<\/div>\n\n\n\n<div class=\"wp-block-column is-layout-flow wp-block-column-is-layout-flow\">\n<p>La Galerie d\u2019Art revitalis\u00e9e est sur le point de d\u00e9finir le paysage culturel de Toronto, servant de lien entre l\u2019expression artistique, l\u2019engagement communautaire et la merveille architecturale. Le projet d\u2019agrandissement et de r\u00e9novation rend hommage \u00e0 la riche histoire de la Galerie d\u2019Art tout en s\u2019ouvrant sur l\u2019avenir, garantissant que la galerie reste une source d\u2019inspiration.<\/p>\n<\/div>\n<\/div>\n<\/div>\n<\/div>\n<\/div>\n\n\n\n<div class=\"wp-block-cover alignfull is-light has-parallax\" style=\"padding-top:var(--wp--preset--spacing--50);padding-right:var(--wp--preset--spacing--50);padding-bottom:var(--wp--preset--spacing--50);padding-left:var(--wp--preset--spacing--50);min-height:100vh;aspect-ratio:unset;\"><div class=\"wp-block-cover__image-background has-parallax\" style=\"background-position:50% 50%;background-image:url(https:\/\/ed-line.com\/wp-content\/themes\/twentytwentyfour\/assets\/images\/art-gallery.webp)\"><\/div><span aria-hidden=\"true\" class=\"wp-block-cover__background has-base-background-color has-background-dim-0 has-background-dim\"><\/span><div class=\"wp-block-cover__inner-container has-global-padding is-layout-constrained wp-container-core-cover-is-layout-e4fd886c wp-block-cover-is-layout-constrained\">\n<div style=\"height:500px\" aria-hidden=\"true\" class=\"wp-block-spacer\"><\/div>\n<\/div><\/div>\n\n\n\n<div class=\"wp-block-group alignfull has-base-2-background-color has-background has-global-padding is-layout-constrained wp-container-core-group-is-layout-7cd14b77 wp-block-group-is-layout-constrained\" style=\"margin-top:0;margin-bottom:0;padding-top:var(--wp--preset--spacing--60);padding-right:var(--wp--preset--spacing--60);padding-bottom:var(--wp--preset--spacing--60);padding-left:var(--wp--preset--spacing--60)\">\n<div class=\"wp-block-group alignwide is-layout-flow wp-block-group-is-layout-flow\">\n<div style=\"height:var(--wp--preset--spacing--50)\" aria-hidden=\"true\" class=\"wp-block-spacer\"><\/div>\n\n\n\n<p class=\"has-text-align-center has-heading-font-family has-x-large-font-size\" style=\"font-style:normal;font-weight:400;line-height:1.2\"><em>\u00c9tudes<\/em> ne se limite pas au pass\u00e9 &#8211; nous sommes passionn\u00e9s par les conceptions d\u2019avant-garde qui fa\u00e7onnent le monde d\u2019aujourd\u2019hui.<\/p>\n\n\n\n<div style=\"height:var(--wp--preset--spacing--50)\" aria-hidden=\"true\" class=\"wp-block-spacer\"><\/div>\n<\/div>\n<\/div>\n\n\n\n<div class=\"wp-block-group alignfull has-base-2-color has-contrast-background-color has-text-color has-background has-link-color wp-elements-23812d587f70cb9fff55df38f3607da7 has-global-padding is-layout-constrained wp-container-core-group-is-layout-facafb6f wp-block-group-is-layout-constrained\" style=\"margin-top:0;margin-bottom:0;padding-top:var(--wp--preset--spacing--50);padding-right:var(--wp--preset--spacing--50);padding-bottom:var(--wp--preset--spacing--50);padding-left:var(--wp--preset--spacing--50)\">\n<div class=\"wp-block-columns alignwide is-layout-flex wp-container-core-columns-is-layout-d1c656ed wp-block-columns-is-layout-flex\">\n<div class=\"wp-block-column is-vertically-aligned-stretch is-layout-flow wp-block-column-is-layout-flow\" style=\"padding-right:0;flex-basis:60%\">\n<div class=\"wp-block-group is-vertical is-content-justification-stretch is-layout-flex wp-container-core-group-is-layout-ae24f51d wp-block-group-is-layout-flex\" style=\"min-height:100%\">\n<figure class=\"wp-block-image size-large is-style-rounded is-style-rounded--1\"><img decoding=\"async\" src=\"https:\/\/ed-line.com\/wp-content\/themes\/twentytwentyfour\/assets\/images\/angular-roof.webp\" alt=\"Un escalier vide sous un toit angulaire \u00e0 Darling Harbour, Sydney, Australie.\" style=\"aspect-ratio:9\/16;object-fit:cover\"\/><\/figure>\n\n\n\n<p class=\"has-medium-font-size\">1. \u00c0 travers \u00c9tudes, nous aspirons \u00e0 red\u00e9finir les limites architecturales et \u00e0 inaugurer une nouvelle \u00e8re d\u2019excellence en mati\u00e8re de design qui laissera une empreinte ind\u00e9l\u00e9bile sur le milieu de la construction.<\/p>\n<\/div>\n<\/div>\n\n\n\n<div class=\"wp-block-column is-layout-flow wp-block-column-is-layout-flow\" style=\"flex-basis:40%\">\n<div class=\"wp-block-group has-global-padding is-layout-constrained wp-block-group-is-layout-constrained\">\n<p class=\"has-large-font-size\" style=\"font-style:normal;font-weight:500;line-height:1.2\">Notre gamme compl\u00e8te de services professionnels s\u2019adresse \u00e0 une client\u00e8le diversifi\u00e9e, allant des propri\u00e9taires aux d\u00e9veloppeurs commerciaux. Avec un engagement envers l\u2019innovation et la durabilit\u00e9, \u00c9tudes est le pont qui transforme les r\u00eaves architecturaux en r\u00e9alisations remarquables.<\/p>\n\n\n\n<div style=\"height:var(--wp--preset--spacing--40)\" aria-hidden=\"true\" class=\"wp-block-spacer\"><\/div>\n\n\n\n<div class=\"wp-block-group is-layout-flow wp-block-group-is-layout-flow\">\n<p class=\"has-medium-font-size\">2. Des \u00e9tudes de cas qui c\u00e9l\u00e8brent l\u2019art peuvent alimenter la curiosit\u00e9 et susciter l\u2019inspiration.<\/p>\n\n\n\n<figure class=\"wp-block-image size-large is-style-rounded is-style-rounded--2\"><img decoding=\"async\" src=\"https:\/\/ed-line.com\/wp-content\/themes\/twentytwentyfour\/assets\/images\/art-gallery.webp\" alt=\"Galerie d\u2019Art de l\u2019Ontario, Toronto, Canada\" style=\"aspect-ratio:9\/16;object-fit:cover\"\/><\/figure>\n<\/div>\n<\/div>\n<\/div>\n<\/div>\n<\/div>\n","protected":false},"excerpt":{"rendered":"<p>Galerie d\u2019art \u2014 Aper\u00e7u Auteur-compositeur, Pascal Sadori est n\u00e9 en 1969 dans l\u2019univers sonore lancinant des cigales de Provence. Son d\u00e9sir de chanter et de jouer de la guitare \u00e0 grandi avec lui. Battant dans son sang plus fort chaque jour, \u00e0 un rythme endiabl\u00e9. Ses textes nous emportent dans son monde o\u00f9 son St\u00e9phane [&hellip;]<\/p>\n","protected":false},"author":1,"featured_media":0,"parent":0,"menu_order":0,"comment_status":"closed","ping_status":"closed","template":"","meta":{"footnotes":""},"class_list":["post-6","page","type-page","status-publish","hentry"],"_links":{"self":[{"href":"https:\/\/ed-line.com\/index.php\/wp-json\/wp\/v2\/pages\/6","targetHints":{"allow":["GET"]}}],"collection":[{"href":"https:\/\/ed-line.com\/index.php\/wp-json\/wp\/v2\/pages"}],"about":[{"href":"https:\/\/ed-line.com\/index.php\/wp-json\/wp\/v2\/types\/page"}],"author":[{"embeddable":true,"href":"https:\/\/ed-line.com\/index.php\/wp-json\/wp\/v2\/users\/1"}],"replies":[{"embeddable":true,"href":"https:\/\/ed-line.com\/index.php\/wp-json\/wp\/v2\/comments?post=6"}],"version-history":[{"count":1,"href":"https:\/\/ed-line.com\/index.php\/wp-json\/wp\/v2\/pages\/6\/revisions"}],"predecessor-version":[{"id":8,"href":"https:\/\/ed-line.com\/index.php\/wp-json\/wp\/v2\/pages\/6\/revisions\/8"}],"wp:attachment":[{"href":"https:\/\/ed-line.com\/index.php\/wp-json\/wp\/v2\/media?parent=6"}],"curies":[{"name":"wp","href":"https:\/\/api.w.org\/{rel}","templated":true}]}}

<div class="wp-block-group alignfull has-accent-2-background-color has-background has-global-padding is-layout-constrained wp-container-core-group-is-layout-669513ed wp-block-group-is-layout-constrained" style="margin-top:0;margin-bottom:0;padding-top:var(--wp--preset--spacing--50);padding-right:var(--wp--preset--spacing--50);padding-bottom:var(--wp--preset--spacing--50);padding-left:var(--wp--preset--spacing--50)">
<figure class="wp-block-image alignwide size-large"><img decoding="async" src="https://elromano.fr/wp-content/uploads/2019/02/banner_02-1.jpg" alt=""/></figure>



<div class="wp-block-columns alignwide is-layout-flex wp-container-core-columns-is-layout-28f84493 wp-block-columns-is-layout-flex">
<div class="wp-block-column is-layout-flow wp-block-column-is-layout-flow" style="flex-basis:40%">
<p class="wp-container-content-0733e5d0">Galerie d’art — Aperçu</p>
</div>



<div class="wp-block-column is-layout-flow wp-block-column-is-layout-flow" style="flex-basis:60%">
<p class="has-heading-font-family has-large-font-size" style="line-height:1.2">Auteur-compositeur, Pascal Sadori est né en 1969 dans l’univers sonore lancinant des cigales de Provence. Son désir de chanter et de jouer de la guitare à grandi avec lui. Battant dans son sang plus fort chaque jour, à un rythme endiablé. Ses textes nous emportent dans son monde où son Stéphane Pontarollo ajoute sa guitare avec talent. Ils travailleront et enregistreront ensemble de nouvelles chansons dans son studio à Carcassonne.</p>



<p class="has-heading-font-family has-large-font-size" style="line-height:1.2">Après des études musicales et l&#8217;obtention d&#8217;une licence de musique à la Sorbonne, Stéphane Pontarollo intègre diverses formations orchestrales que cela soit à la guitare, à la basse ou à la trompette.</p>



<p class="has-heading-font-family has-large-font-size" style="line-height:1.2">Aujourd&#8217;hui, la musique assistée par ordinateur lui permet de concevoir et de composer des musiques originales avec notamment des musiciens américains par le biais de la musique collaborative en ligne.</p>



<p class="has-heading-font-family has-large-font-size" style="line-height:1.2">L’amour bien sûr, est le thème central des créations de Pascal Sadori et de Stéphane Pontarollo. Le texte écrit par Pascal « J’aime la vie », parlant des SDF, a d’ailleurs été primé. Suivez-les dans leur univers poétique !</p>
</div>
</div>



<div style="height:var(--wp--preset--spacing--40)" aria-hidden="true" class="wp-block-spacer"></div>



<figure class="wp-block-embed is-type-video is-provider-youtube wp-block-embed-youtube wp-embed-aspect-16-9 wp-has-aspect-ratio"><div class="wp-block-embed__wrapper">
<iframe loading="lazy" title="El Romano - J&#039;aime la vie" width="500" height="281" src="https://www.youtube.com/embed/w2i57HbiZD8?feature=oembed" frameborder="0" allow="accelerometer; autoplay; clipboard-write; encrypted-media; gyroscope; picture-in-picture; web-share" referrerpolicy="strict-origin-when-cross-origin" allowfullscreen></iframe>
</div></figure>



<div style="height:50px" aria-hidden="true" class="wp-block-spacer"></div>
</div>



<div class="wp-block-group alignfull has-base-background-color has-background has-global-padding is-layout-constrained wp-container-core-group-is-layout-d89aad35 wp-block-group-is-layout-constrained" style="margin-top:0;margin-bottom:0;padding-top:var(--wp--preset--spacing--50);padding-right:var(--wp--preset--spacing--50);padding-bottom:var(--wp--preset--spacing--50);padding-left:var(--wp--preset--spacing--50)">
<div class="wp-block-columns alignwide is-layout-flex wp-container-core-columns-is-layout-549b0c86 wp-block-columns-is-layout-flex">
<div class="wp-block-column has-global-padding is-content-justification-left is-layout-constrained wp-container-core-column-is-layout-4f15e8fe wp-block-column-is-layout-constrained" style="flex-basis:40%">
<p>La galerie d‘art revitalisée est appelée à redéfinir le paysage culturel.</p>
</div>



<div class="wp-block-column is-layout-flow wp-container-core-column-is-layout-119bc444 wp-block-column-is-layout-flow" style="flex-basis:60%">
<p class="has-heading-font-family has-x-large-font-size" style="line-height:1.2">Avec une attention méticuleuse aux détails et un engagement envers l’excellence, nous créons des espaces qui inspirent, élèvent et enrichissent la vie de ceux qui les habitent.</p>



<div class="wp-block-columns is-layout-flex wp-container-core-columns-is-layout-87beb0d0 wp-block-columns-is-layout-flex">
<div class="wp-block-column is-layout-flow wp-block-column-is-layout-flow">
<p class="wp-container-content-9cfa9a5a">La Galerie d’Art revitalisée est sur le point de définir le paysage culturel de Toronto, servant de lien entre l’expression artistique, l’engagement communautaire et la merveille architecturale. Le projet d’agrandissement et de rénovation rend hommage à la riche histoire de la Galerie d’Art tout en s’ouvrant sur l’avenir, garantissant que la galerie reste une source d’inspiration.</p>
</div>



<div class="wp-block-column is-layout-flow wp-block-column-is-layout-flow">
<p>La Galerie d’Art revitalisée est sur le point de définir le paysage culturel de Toronto, servant de lien entre l’expression artistique, l’engagement communautaire et la merveille architecturale. Le projet d’agrandissement et de rénovation rend hommage à la riche histoire de la Galerie d’Art tout en s’ouvrant sur l’avenir, garantissant que la galerie reste une source d’inspiration.</p>
</div>
</div>
</div>
</div>
</div>



<div class="wp-block-cover alignfull is-light has-parallax" style="padding-top:var(--wp--preset--spacing--50);padding-right:var(--wp--preset--spacing--50);padding-bottom:var(--wp--preset--spacing--50);padding-left:var(--wp--preset--spacing--50);min-height:100vh;aspect-ratio:unset;"><div class="wp-block-cover__image-background has-parallax" style="background-position:50% 50%;background-image:url(https://ed-line.com/wp-content/themes/twentytwentyfour/assets/images/art-gallery.webp)"></div><span aria-hidden="true" class="wp-block-cover__background has-base-background-color has-background-dim-0 has-background-dim"></span><div class="wp-block-cover__inner-container has-global-padding is-layout-constrained wp-container-core-cover-is-layout-e4fd886c wp-block-cover-is-layout-constrained">
<div style="height:500px" aria-hidden="true" class="wp-block-spacer"></div>
</div></div>



<div class="wp-block-group alignfull has-base-2-background-color has-background has-global-padding is-layout-constrained wp-container-core-group-is-layout-7cd14b77 wp-block-group-is-layout-constrained" style="margin-top:0;margin-bottom:0;padding-top:var(--wp--preset--spacing--60);padding-right:var(--wp--preset--spacing--60);padding-bottom:var(--wp--preset--spacing--60);padding-left:var(--wp--preset--spacing--60)">
<div class="wp-block-group alignwide is-layout-flow wp-block-group-is-layout-flow">
<div style="height:var(--wp--preset--spacing--50)" aria-hidden="true" class="wp-block-spacer"></div>



<p class="has-text-align-center has-heading-font-family has-x-large-font-size" style="font-style:normal;font-weight:400;line-height:1.2"><em>Études</em> ne se limite pas au passé &#8211; nous sommes passionnés par les conceptions d’avant-garde qui façonnent le monde d’aujourd’hui.</p>



<div style="height:var(--wp--preset--spacing--50)" aria-hidden="true" class="wp-block-spacer"></div>
</div>
</div>



<div class="wp-block-group alignfull has-base-2-color has-contrast-background-color has-text-color has-background has-link-color wp-elements-23812d587f70cb9fff55df38f3607da7 has-global-padding is-layout-constrained wp-container-core-group-is-layout-facafb6f wp-block-group-is-layout-constrained" style="margin-top:0;margin-bottom:0;padding-top:var(--wp--preset--spacing--50);padding-right:var(--wp--preset--spacing--50);padding-bottom:var(--wp--preset--spacing--50);padding-left:var(--wp--preset--spacing--50)">
<div class="wp-block-columns alignwide is-layout-flex wp-container-core-columns-is-layout-d1c656ed wp-block-columns-is-layout-flex">
<div class="wp-block-column is-vertically-aligned-stretch is-layout-flow wp-block-column-is-layout-flow" style="padding-right:0;flex-basis:60%">
<div class="wp-block-group is-vertical is-content-justification-stretch is-layout-flex wp-container-core-group-is-layout-ae24f51d wp-block-group-is-layout-flex" style="min-height:100%">
<figure class="wp-block-image size-large is-style-rounded is-style-rounded--1"><img decoding="async" src="https://ed-line.com/wp-content/themes/twentytwentyfour/assets/images/angular-roof.webp" alt="Un escalier vide sous un toit angulaire à Darling Harbour, Sydney, Australie." style="aspect-ratio:9/16;object-fit:cover"/></figure>



<p class="has-medium-font-size">1. À travers Études, nous aspirons à redéfinir les limites architecturales et à inaugurer une nouvelle ère d’excellence en matière de design qui laissera une empreinte indélébile sur le milieu de la construction.</p>
</div>
</div>



<div class="wp-block-column is-layout-flow wp-block-column-is-layout-flow" style="flex-basis:40%">
<div class="wp-block-group has-global-padding is-layout-constrained wp-block-group-is-layout-constrained">
<p class="has-large-font-size" style="font-style:normal;font-weight:500;line-height:1.2">Notre gamme complète de services professionnels s’adresse à une clientèle diversifiée, allant des propriétaires aux développeurs commerciaux. Avec un engagement envers l’innovation et la durabilité, Études est le pont qui transforme les rêves architecturaux en réalisations remarquables.</p>



<div style="height:var(--wp--preset--spacing--40)" aria-hidden="true" class="wp-block-spacer"></div>



<div class="wp-block-group is-layout-flow wp-block-group-is-layout-flow">
<p class="has-medium-font-size">2. Des études de cas qui célèbrent l’art peuvent alimenter la curiosité et susciter l’inspiration.</p>



<figure class="wp-block-image size-large is-style-rounded is-style-rounded--2"><img decoding="async" src="https://ed-line.com/wp-content/themes/twentytwentyfour/assets/images/art-gallery.webp" alt="Galerie d’Art de l’Ontario, Toronto, Canada" style="aspect-ratio:9/16;object-fit:cover"/></figure>
</div>
</div>
</div>
</div>
</div>

<p>Galerie d’art — Aperçu Auteur-compositeur, Pascal Sadori est né en 1969 dans l’univers sonore lancinant des cigales de Provence. Son désir de chanter et de jouer de la guitare à grandi avec lui. Battant dans son sang plus fort chaque jour, à un rythme endiablé. Ses textes nous emportent dans son monde où son Stéphane [&hellip;]</p>
